se 45420 = -0*d + 20*d. Is d prime?
False
Suppose -3*w - v - v - 5 = 0, 3*w + 3*v + 9 = 0. Let p(k) = k**2 + k. Let u be p(w). Suppose 2*i - 4*i = -u*s + 6, -15 = -5*s + 3*i. Is s composite?
False
Suppose 2*l + 4*a + 5 - 17 = 0, -4*l - 2*a = -12. Suppose -3 = -l*q + 1. Suppose -s - 4*s - 4*d = -83, 0 = -2*s - q*d + 32. Is s a prime number?
True
Suppose -y + 0*y = 1. Let l = 18 - y. Is l composite?
False
Let z(a) = 25*a**2 - 4. Is z(3) composite?
True
Let c be 2/(-1)*170/4. Let t = c - -142. Is t prime?
False
Let k(l) = -l**2 + 5*l + 5. Let w be k(6). Suppose -3*z - 2*r = 4, -z - 7*r = -3*r - 2. Is (z - w)*2*-11 prime?
False
Let u be 2/(-4) + 153/2. Let x = 178 - u. Suppose 6*k + 2*s - 107 = 3*k, 3*k = 3*s + x. Is k a prime number?
False
Let h be (-1 - -424)*3/9. Suppose -b = -4*b + h. Is b composite?
False
Let v = 1166 - 690. Suppose -147 - 329 = -4*o - 3*c, -4*o - 4*c + v = 0. Is o a prime number?
False
Suppose -8*u + 7*u = -203. Is u a composite number?
True
Suppose 0 = 3*v + 15, -5*a = -3*v - 350 + 10. Is a composite?
True
Let h(z) = 14*z**2 - 7*z + 11. Is h(8) a composite number?
True
Suppose -4*j = -3*x - 11, -4*j + 0*x + 26 = 2*x. Let h(v) = -v**2. Let d be h(0). Suppose -j*o + 2*o + 9 = d. Is o a prime number?
True
Let x(m) = -m**3 + 15*m**2 + 4*m - 17. Suppose 3*i - 3 - 19 = -t, 4*i - 64 = -4*t. Is x(t) prime?
True
Let c(m) = -m**3 - 4*m - 4. Let n be 6 + 8/2 + -2. Let d be (6 - 2)*(-6)/n. Is c(d) composite?
True
Suppose -3*j = y - 635, j + 4*y = 2*y + 215. Is j prime?
True
Let f(d) = -d + 2. Let l(h) = h**2 - 5*h + 4. Let k be l(4). Let p be f(k). Suppose -p*r = -4, -a = -2*r - 6 - 3. Is a a composite number?
False
Let i = -7 + 6. Let g = i - -3. Suppose -g*c + 0*c - 25 = -3*j, 0 = 2*j - 4*c - 6. Is j composite?
False
Let s(t) = -t**3 + 6*t**2 - 2*t + 4. Let v be s(6). Let o be 4*2/v*3. Is 2/o + 341/3 composite?
False
Let g(h) be the third derivative of -53*h**6/120 + h**5/60 + h**4/12 + h**3/6 - 3*h**2. Is g(-1) composite?
False
Suppose -2*w - 5*t = -731, 12 = w + 3*t - 352. Is w composite?
False
Suppose 4*a - 4 + 12 = 0, 0 = -3*m + 5*a + 16. Let n be (-4)/(-10) - m/5. Is 67 + n - (-1 - -3) prime?
False
Suppose 0 = 5*d + 5*g - 24290, -2*d + 4*g + 9725 = 3*g. Is d a prime number?
True
Suppose 4*z + 5*y - 1958 = 0, -7*z + 3*z + y + 1970 = 0. Suppose -3*q - 5*j - 21 = -390, 4*q - j = z. Is q prime?
False
Let w(u) = -4*u**2 - 10*u - 3. Let g(x) = -5*x**2 - 11*x - 2. Let z(s) = 2*g(s) - 3*w(s). Is z(-7) prime?
True
Suppose -2*b - 3*b - 135 = 0. Is 2/(-6) + (-11052)/b a prime number?
True
Let d be 1/(-4) + (-72)/(-32). Suppose 0 = 5*k + 4*r - 261, d*k - 4*r - 29 = 81. Is k a prime number?
True
Suppose 21202 + 20833 = 7*u. Is u a prime number?
False
Let h be (8/6)/((-3)/(-9)). Let w(m) = 1 + 3*m**2 - 2*m + h*m + 2 - 4*m. Is w(2) a composite number?
False
Let d be (9/3 + -16)*-2. Let p = d - 7. Is p composite?
False
Let x be 697/51*(-1 + -2). Let b = 38 - x. Is b composite?
False
Let w(l) = -2*l - 9. Let h be w(-6). Suppose -4*b + 44 = -x - 4*x, -h*b + x + 22 = 0. Suppose b*m - 293 = 5*m. Is m composite?
False
Suppose -4*i = -4*s - 52, -5*s = -4*i - 36 + 99. Let t = 15 + s. Suppose t*x = x + 105. Is x composite?
True
Let l(u) = -120*u - 14. Let p(o) = -40*o - 5. Let t(n) = -6*l(n) + 17*p(n). Is t(1) composite?
True
Suppose -978 = -0*d - 2*d + 3*l, 4*d - 1956 = -5*l. Let y = -284 + d. Is y a composite number?
True
Let u = -28 + 30. Is (u - -1891)/(6/2) a composite number?
False
Let c(o) = o**3 + 5*o**2 - 7*o - 4. Let g be c(-6). Let a be g + 2 - 1 - -132. Suppose 4*q = 69 + a. Is q a composite number?
True
Let i = 5 + -2. Suppose -z + 2*m - 1 = 5, -i*z + m - 3 = 0. Suppose -4*a + 368 = 4*s, -a + 80 = -z*a - 3*s. Is a composite?
False
Let d(s) = 14*s**2 + 16*s + 7. Is d(-6) prime?
False
Let j = -2 - 4. Is 2*(-141)/j - 0 prime?
True
Suppose -90 = -4*q - 2*l, -q + 6*q + 4*l - 111 = 0. Suppose -5*s = -6 - 14. Suppose s*m + 2*i + q = 85, 0 = -m - 2*i + 17. Is m a prime number?
False
Let h(n) be the second derivative of -n**3/6 + 5*n**2 - n. Let v be h(6). Suppose -4*f = -3*r + 107, -r + v*f - 115 = -4*r. Is r a prime number?
True
Suppose -3*s + 3*w = -7161 - 11655, 3*w + 3 = 0. Is s composite?
False
Let w = 3449 + 822. Is w composite?
False
Suppose -5*v - 11 = 3*o, 4*o + v + 1 = 9. Suppose -4*p = p + o*u - 116, -3*p = -u - 64. Let k = -8 + p. Is k composite?
True
Let v be 23 + 3 + (0 - 0). Let a = v + -16. Is a a prime number?
False
Let v(u) = -612*u**2 - 7*u - 5. Let n(h) = -306*h**2 - 4*h - 3. Let f(l) = 5*n(l) - 3*v(l). Is f(1) composite?
False
Let s be (-24)/9*3/(-2). Let d be (s + -3)*(-1 - -1). Suppose d = a - 6 - 27. Is a a composite number?
True
Suppose -62 = -0*k + 2*k. Let r = -12 - k. Is r composite?
False
Suppose 0 = -2*n - l - 95 - 157, 2*n = 5*l - 276. Let m = n - -282. Suppose -3*a - m = -5*a. Is a a composite number?
True
Let a = -16 - 16. Let h = -62 - -117. Let u = h + a. Is u prime?
True
Let v = 20 - -27. Is v prime?
True
Suppose -c = 15 + 10. Suppose 14 + 22 = -x. Let r = c - x. Is r a prime number?
True
Is (5 + 120 + -2)*82/6 a composite number?
True
Suppose -5*l - 2*r = -5*r - 2347, 2*l - 938 = r. Is l a composite number?
False
Let f = -13 - -15. Suppose 0*t + f*t = 614. Is t a prime number?
True
Suppose 14*b - 6223 = 7*b. Is b a prime number?
False
Let l(k) = -91*k + 11. Is l(-8) a composite number?
False
Let c(g) = 3*g**2 + 11*g - 7. Is c(-10) prime?
False
Suppose -3*u = m - 6*u - 238, 0 = -2*m + 4*u + 466. Is m composite?
False
Let v(z) = 98*z. Let l(f) = 49*f. Let c(x) = -13*l(x) + 6*v(x). Is c(-1) a prime number?
False
Suppose 4*m = 3*b - 470, -4*b = 4*m - 244 - 392. Let i = 19 + b. Suppose 5*y = 248 + i. Is y prime?
False
Let g(o) = 7*o + 7. Let r be g(-11). Let y(n) = -15*n + 8. Let x be y(-7). Let k = x + r. Is k a composite number?
False
Suppose 2*h + w - 175 = 0, -5*w + 3 = -4*h + 346. Is h a composite number?
True
Let o = 8 + -5. Suppose -2*p + 5*p = -4*c + 22, 5*c = -o*p + 17. Is p a prime number?
False
Let x(s) = -5*s**2 - 32*s - 13. Let d(r) = r**2 + 8*r + 3. Let i(h) = -9*d(h) - 2*x(h). Let w be i(6). Is 10/65 + (-1571)/w a composite number?
True
Suppose -5*o + 823 = -2332. Is o a prime number?
True
Let p = 183 - 68. Is p prime?
False
Let q be 0 + 0 + -2 + 450. Suppose 4*i = 3*l + q, 0 = 2*i - 4*i - 2*l + 238. Is i composite?
True
Suppose 0 = 5*w + 4 + 1. Let v = w - -5. Suppose 20 = v*b - 2*i, -i - 12 = -4*i. Is b prime?
True
Suppose -11 = -5*f - 66. Let i = -23 - f. Is ((-88)/i)/(4/30) a prime number?
False
Let g(i) = 48*i**2 + 12*i + 7. Is g(-9) composite?
True
Let f(y) = 2*y - 4*y**3 + 3*y**3 + 55 - 3*y. Is f(0) a prime number?
False
Let f = 122 + -39. Is f a prime number?
True
Let o be (-3)/(3 + 33/(-12)). Let w(b) = -7*b + 5. Is w(o) prime?
True
Let l(a) = -a**2 + 12*a. Let u(v) = -v**2 + 11*v - 1. Let r(k) = 2*l(k) - 3*u(k). Let b be r(9). Suppose 147 = b*s + 2*i, -i = 2*i. Is s a composite number?
True
Suppose 0*b = 4*b + 64. Is (-6 - -2)*212/b composite?
False
Let b(t) = t**3 + 8*t**2 + 3*t - 1. Let z(u) = -u**2 + 12*u - 15. Let j be z(11). Is b(j) prime?
False
Let c(a) = -75*a**3 + a**2 - a - 1. Let t be c(-1). Suppose 0 = 6*b - 2*b - t. Is b composite?
False
Suppose 0 = -5*n - 0*n + 3*l - 3732, 0 = 4*n + 2*l + 2968. Is (-17 + n)/(1*-1) a prime number?
True
Let b(z) = 3*z**3 - 4*z**2 + 9*z - 1. Is b(11) a composite number?
False
Let l = 5 + -2. Let u = l + 11. Is u prime?
False
Let f = -97 + -135. Is -8 - -10 - (f - 1) a composite number?
True
Let j(g) = g**3 - 8*g**2 + 3*g - 1. Is j(8) composite?
False
Let b(m) = 242*m - 23. Is b(7) a composite number?
True
Let s(a) = 10*a**2 + 4*a - 5. Let g(m) = -9*m**2 - 3*m + 4. Let k(p) = -6*g(p) - 5*s(p). Let u be k(1). Suppose 5*v - 12 = u*v. Is v composite?
True
Let c = -7 + 51. Let w = 11 + c. Is w a prime number?
False
Suppose -4*y = -6*y - 10, -f = -5*y - 19. Is 1119/2*f/(-9) a composite number?
False
Let s(c) = -20*c - 1. Let b = -14 - -10. Let r = b - -3. Is s(r) a composite number?
False
Let n(x) = -x**3 + 22*x**2 - 26*x + 13. Is n(20) composite?
False
Is 24805/45 + (-4)/18 a prime number?
False
Suppose s = 5*n - 6092, s - 1813 - 628 = -2*n. Is n composite?
True
Suppose -5*d - 4 - 11 = 0. Is 298*d/(-12)*2 prime?
True
Let g(s) = s**2 - s + 33. Suppo